{"id":258087,"date":"2016-09-29T15:17:50","date_gmt":"2016-09-29T15:17:50","guid":{"rendered":"https:\/\/bodas.fotodual.com\/area-privada\/"},"modified":"2024-08-21T15:42:18","modified_gmt":"2024-08-21T15:42:18","slug":"area-privada","status":"publish","type":"page","link":"https:\/\/bodas.fotodual.com\/pt-pt\/area-privada\/","title":{"rendered":"\u00c1rea Privada"},"content":{"rendered":"<p>[et_pb_section fb_built=&#8221;1&#8243; admin_label=&#8221;Hero&#8221; _builder_version=&#8221;4.16&#8243; background_enable_color=&#8221;off&#8221; background_color_gradient_direction=&#8221;146deg&#8221; custom_margin=&#8221;|||&#8221; custom_padding=&#8221;26px||0px|||&#8221; box_shadow_style=&#8221;preset4&#8243; box_shadow_horizontal=&#8221;0px&#8221; box_shadow_vertical=&#8221;-100px&#8221; box_shadow_color=&#8221;#ffffff&#8221; box_shadow_position=&#8221;inner&#8221; global_colors_info=&#8221;{}&#8221;][et_pb_row _builder_version=&#8221;4.21.0&#8243; background_size=&#8221;initial&#8221; background_position=&#8221;top_left&#8221; background_repeat=&#8221;repeat&#8221; min_height=&#8221;129px&#8221; custom_margin=&#8221;|auto||auto|false|false&#8221; custom_padding=&#8221;||140px|||&#8221; global_colors_info=&#8221;{}&#8221;][et_pb_column type=&#8221;4_4&#8243; _builder_version=&#8221;4.16&#8243; custom_padding=&#8221;|||&#8221; global_colors_info=&#8221;{}&#8221; custom_padding__hover=&#8221;|||&#8221;][et_pb_text _builder_version=&#8221;4.21.0&#8243; _module_preset=&#8221;default&#8221; hover_enabled=&#8221;0&#8243; global_colors_info=&#8221;{}&#8221; sticky_enabled=&#8221;0&#8243;]<\/p>\n<h1 style=\"text-align: center;\">\u00c1rea Privada<\/h1>\n<p>[\/et_pb_text][et_pb_text _builder_version=&#8221;4.21.0&#8243; _module_preset=&#8221;default&#8221; hover_enabled=&#8221;0&#8243; sticky_enabled=&#8221;0&#8243; module_alignment=&#8221;center&#8221; max_width=&#8221;50%&#8221;]<\/p>\n<p style=\"text-align: center;\">A partir desta se\u00e7\u00e3o, poder\u00e1s aceder a or\u00e7amentos personalizados, bem como a resumos das fotos tiradas nos casamentos dos nossos clientes.<\/p>\n<p>[\/et_pb_text][et_pb_text _builder_version=&#8221;4.16&#8243; background_size=&#8221;initial&#8221; background_position=&#8221;top_left&#8221; background_repeat=&#8221;repeat&#8221; global_colors_info=&#8221;{}&#8221;]<\/p>\n<form action=\"https:\/\/bodas.fotodual.com\/index.php\" method=\"POST\">\n<p style=\"text-align: center;\">\n<h2 style=\"text-align: center;\">Digite sua senha<\/h2>\n<p style=\"text-align: center;\"><input style=\"background-color: #eee; font-size: 24px; padding: 5px; border: solid 1px #aaa; color: #444; -moz-border-radius: 3px; -webkit-border-radius: 3px; border-radius: 3px; -moz-box-shadow: 0px 0px 3px #aaa; -webkit-box-shadow: 0px 0px 3px #aaa; box-shadow: 0px 0px 3px #aaa;\" name=\"clave\" type=\"password\" placeholder=\"Senha\"><input class=\"button\" type=\"submit\" value=\"Entrar\"><\/p>\n<\/form>\n<p>&nbsp;<\/p>\n<p>[\/et_pb_text][\/et_pb_column][\/et_pb_row][\/et_pb_section]<\/p>\n","protected":false},"excerpt":{"rendered":"<p>\u00c1rea PrivadaA partir desta se\u00e7\u00e3o, poder\u00e1s aceder a or\u00e7amentos personalizados, bem como a resumos das fotos tiradas nos casamentos dos nossos clientes. Digite sua senha &nbsp;<\/p>\n","protected":false},"author":1,"featured_media":0,"parent":0,"menu_order":0,"comment_status":"closed","ping_status":"closed","template":"","meta":{"_et_pb_use_builder":"on","_et_pb_old_content":"","_et_gb_content_width":"","footnotes":""},"class_list":["post-258087","page","type-page","status-publish","hentry"],"jetpack_sharing_enabled":true,"_links":{"self":[{"href":"https:\/\/bodas.fotodual.com\/pt-pt\/wp-json\/wp\/v2\/pages\/258087","targetHints":{"allow":["GET"]}}],"collection":[{"href":"https:\/\/bodas.fotodual.com\/pt-pt\/wp-json\/wp\/v2\/pages"}],"about":[{"href":"https:\/\/bodas.fotodual.com\/pt-pt\/wp-json\/wp\/v2\/types\/page"}],"author":[{"embeddable":true,"href":"https:\/\/bodas.fotodual.com\/pt-pt\/wp-json\/wp\/v2\/users\/1"}],"replies":[{"embeddable":true,"href":"https:\/\/bodas.fotodual.com\/pt-pt\/wp-json\/wp\/v2\/comments?post=258087"}],"version-history":[{"count":0,"href":"https:\/\/bodas.fotodual.com\/pt-pt\/wp-json\/wp\/v2\/pages\/258087\/revisions"}],"wp:attachment":[{"href":"https:\/\/bodas.fotodual.com\/pt-pt\/wp-json\/wp\/v2\/media?parent=258087"}],"curies":[{"name":"wp","href":"https:\/\/api.w.org\/{rel}","templated":true}]}}

Área Privada

<p>[et_pb_section fb_built=&#8221;1&#8243; admin_label=&#8221;Hero&#8221; _builder_version=&#8221;4.16&#8243; background_enable_color=&#8221;off&#8221; background_color_gradient_direction=&#8221;146deg&#8221; custom_margin=&#8221;|||&#8221; custom_padding=&#8221;26px||0px|||&#8221; box_shadow_style=&#8221;preset4&#8243; box_shadow_horizontal=&#8221;0px&#8221; box_shadow_vertical=&#8221;-100px&#8221; box_shadow_color=&#8221;#ffffff&#8221; box_shadow_position=&#8221;inner&#8221; global_colors_info=&#8221;{}&#8221;][et_pb_row _builder_version=&#8221;4.21.0&#8243; background_size=&#8221;initial&#8221; background_position=&#8221;top_left&#8221; background_repeat=&#8221;repeat&#8221; min_height=&#8221;129px&#8221; custom_margin=&#8221;|auto||auto|false|false&#8221; custom_padding=&#8221;||140px|||&#8221; global_colors_info=&#8221;{}&#8221;][et_pb_column type=&#8221;4_4&#8243; _builder_version=&#8221;4.16&#8243; custom_padding=&#8221;|||&#8221; global_colors_info=&#8221;{}&#8221; custom_padding__hover=&#8221;|||&#8221;][et_pb_text _builder_version=&#8221;4.21.0&#8243; _module_preset=&#8221;default&#8221; hover_enabled=&#8221;0&#8243; global_colors_info=&#8221;{}&#8221; sticky_enabled=&#8221;0&#8243;]</p>
<h1 style="text-align: center;">Área Privada</h1>
<p>[/et_pb_text][et_pb_text _builder_version=&#8221;4.21.0&#8243; _module_preset=&#8221;default&#8221; hover_enabled=&#8221;0&#8243; sticky_enabled=&#8221;0&#8243; module_alignment=&#8221;center&#8221; max_width=&#8221;50%&#8221;]</p>
<p style="text-align: center;">A partir desta seção, poderás aceder a orçamentos personalizados, bem como a resumos das fotos tiradas nos casamentos dos nossos clientes.</p>
<p>[/et_pb_text][et_pb_text _builder_version=&#8221;4.16&#8243; background_size=&#8221;initial&#8221; background_position=&#8221;top_left&#8221; background_repeat=&#8221;repeat&#8221; global_colors_info=&#8221;{}&#8221;]</p>
<form action="https://bodas.fotodual.com/index.php" method="POST">
<p style="text-align: center;">
<h2 style="text-align: center;">Digite sua senha</h2>
<p style="text-align: center;"><input style="background-color: #eee; font-size: 24px; padding: 5px; border: solid 1px #aaa; color: #444; -moz-border-radius: 3px; -webkit-border-radius: 3px; border-radius: 3px; -moz-box-shadow: 0px 0px 3px #aaa; -webkit-box-shadow: 0px 0px 3px #aaa; box-shadow: 0px 0px 3px #aaa;" name="clave" type="password" placeholder="Senha"><input class="button" type="submit" value="Entrar"></p>
</form>
<p>&nbsp;</p>
<p>[/et_pb_text][/et_pb_column][/et_pb_row][/et_pb_section]</p>

<p>Área PrivadaA partir desta seção, poderás aceder a orçamentos personalizados, bem como a resumos das fotos tiradas nos casamentos dos nossos clientes. Digite sua senha &nbsp;</p>
